{"id":700,"date":"2016-07-29T10:46:52","date_gmt":"2016-07-29T08:46:52","guid":{"rendered":"http:\/\/www.marandoparrucchieri.it\/dev\/?page_id=700"},"modified":"2019-11-24T18:55:49","modified_gmt":"2019-11-24T17:55:49","slug":"salone-2","status":"publish","type":"page","link":"https:\/\/www.marandoparrucchieri.it\/dev\/salone-2\/","title":{"rendered":"SALONE"},"content":{"rendered":"<p>Da oltre vent\u2019anni di esperienza nel campo dell\u2019acconciatura, Marando Parrucchieri apre il suo primo salone nel 2005 a Milano in piazza Oberdan 3, a due passi dalla fermata della metropolitana Porta Venezia. Centro autorizzato Degrad\u00e9 Joelle, lo staff \u00e8 composto da professionisti del settore specializzati nella colorazione dei capelli, in particolare della tecnica del Degrad\u00e9.<\/p>\n<style type='text\/css'>\n\t\t\t#gallery-3 {<br \/>\t\t\t\tmargin: auto;<br \/>\t\t\t}<br \/>\t\t\t#gallery-3 .gallery-item {<br \/>\t\t\t\tfloat: left;<br \/>\t\t\t\tmargin-top: 10px;<br \/>\t\t\t\ttext-align: center;<br \/>\t\t\t\twidth: 33%;<br \/>\t\t\t}<br \/>\t\t\t#gallery-3 img {<br \/>\t\t\t\tborder: 2px solid #cfcfcf;<br \/>\t\t\t}<br \/>\t\t\t#gallery-3 .gallery-caption {<br \/>\t\t\t\tmargin-left: 0;<br \/>\t\t\t}<br \/>\t\t\t\/* see gallery_shortcode() in wp-includes\/media.php *\/<br \/>\t\t<\/style>\n<dl class=\"gallery-item\">\n<dt class=\"gallery-icon landscape\"><\/dt>\n<\/dl>\n<dl class=\"gallery-item\">\n<dt class=\"gallery-icon portrait\"><\/dt>\n<\/dl>\n<dl class=\"gallery-item\">\n<dt class=\"gallery-icon portrait\"><\/dt>\n<\/dl>\n<p>&nbsp;<\/p>\n<dl class=\"gallery-item\">\n<dt class=\"gallery-icon landscape\"><\/dt>\n<\/dl>\n<dl class=\"gallery-item\">\n<dt class=\"gallery-icon landscape\"><\/dt>\n<\/dl>\n<dl class=\"gallery-item\">\n<dt class=\"gallery-icon landscape\"><\/dt>\n<\/dl>\n<p style=\"text-align: center;\">\n\t\t<!-- MasterSlider -->\n\t\t<div id=\"P_MS69dedd83a8e4f\" class=\"master-slider-parent msl ms-parent-id-9\" style=\"max-width:1920px;\">\n\n\t\t\t\n\t\t\t<!-- MasterSlider Main -->\n\t\t\t<div id=\"MS69dedd83a8e4f\" class=\"master-slider ms-skin-default\" >\n\t\t\t\t \t\t\t\t \n\t\t\t\t<div  class=\"ms-slide\" data-delay=\"3\" data-fill-mode=\"center\"  >\n\t\t\t\t\t<img decoding=\"async\" src=\"https:\/\/www.marandoparrucchieri.it\/dev\/wp-content\/plugins\/master-slider\/public\/assets\/css\/blank.gif\" alt=\"\" title=\"\" data-src=\"https:\/\/www.marandoparrucchieri.it\/dev\/wp-content\/uploads\/2019\/11\/salone.jpg\" \/>\n\n\n\t<div class=\"ms-thumb\" ><div class=\"ms-tab-context\"><div class=\"&quot;ms-tab-context&quot;\"><\/div><\/div>\n<\/div>\n\t\t\t\t<\/div>\n\t\t\t\t<div  class=\"ms-slide\" data-delay=\"3\" data-fill-mode=\"fit\"  >\n\t\t\t\t\t<img decoding=\"async\" src=\"https:\/\/www.marandoparrucchieri.it\/dev\/wp-content\/plugins\/master-slider\/public\/assets\/css\/blank.gif\" alt=\"\" title=\"\" data-src=\"https:\/\/www.marandoparrucchieri.it\/dev\/wp-content\/uploads\/2019\/11\/IMG_7734-e1573065278699.jpg\" \/>\n\n\n\t<div class=\"ms-thumb\" ><div class=\"ms-tab-context\"><div class=\"&quot;ms-tab-context&quot;\"><\/div><\/div>\n<\/div>\n\t\t\t\t<\/div>\n\t\t\t\t<div  class=\"ms-slide\" data-delay=\"3\" data-fill-mode=\"fit\"  >\n\t\t\t\t\t<img decoding=\"async\" src=\"https:\/\/www.marandoparrucchieri.it\/dev\/wp-content\/plugins\/master-slider\/public\/assets\/css\/blank.gif\" alt=\"\" title=\"\" data-src=\"https:\/\/www.marandoparrucchieri.it\/dev\/wp-content\/uploads\/2019\/11\/IMG_7732.jpg\" \/>\n\n\n\t<div class=\"ms-thumb\" ><div class=\"ms-tab-context\"><div class=\"&quot;ms-tab-context&quot;\"><\/div><\/div>\n<\/div>\n\t\t\t\t<\/div>\n\t\t\t\t<div  class=\"ms-slide\" data-delay=\"3\" data-fill-mode=\"fit\"  >\n\t\t\t\t\t<img decoding=\"async\" src=\"https:\/\/www.marandoparrucchieri.it\/dev\/wp-content\/plugins\/master-slider\/public\/assets\/css\/blank.gif\" alt=\"\" title=\"\" data-src=\"https:\/\/www.marandoparrucchieri.it\/dev\/wp-content\/uploads\/2019\/11\/IMG_7739.jpg\" \/>\n\n\n\t<div class=\"ms-thumb\" ><div class=\"ms-tab-context\"><div class=\"&quot;ms-tab-context&quot;\"><\/div><\/div>\n<\/div>\n\t\t\t\t<\/div>\n\t\t\t\t<div  class=\"ms-slide\" data-delay=\"3\" data-fill-mode=\"fit\"  >\n\t\t\t\t\t<img decoding=\"async\" src=\"https:\/\/www.marandoparrucchieri.it\/dev\/wp-content\/plugins\/master-slider\/public\/assets\/css\/blank.gif\" alt=\"\" title=\"\" data-src=\"https:\/\/www.marandoparrucchieri.it\/dev\/wp-content\/uploads\/2019\/11\/e3a4dbfe-e428-480d-aec2-6e8f5e3b3106.jpg\" \/>\n\n\n\t<div class=\"ms-thumb\" ><div class=\"ms-tab-context\"><div class=\"&quot;ms-tab-context&quot;\"><\/div><\/div>\n<\/div>\n\t\t\t\t<\/div>\n\t\t\t\t<div  class=\"ms-slide\" data-delay=\"3\" data-fill-mode=\"fit\"  >\n\t\t\t\t\t<img decoding=\"async\" src=\"https:\/\/www.marandoparrucchieri.it\/dev\/wp-content\/plugins\/master-slider\/public\/assets\/css\/blank.gif\" alt=\"\" title=\"\" data-src=\"https:\/\/www.marandoparrucchieri.it\/dev\/wp-content\/uploads\/2019\/11\/d15ee29f-9dc2-4a43-83c7-5b63c7d1a530.jpg\" \/>\n\n\n\t<div class=\"ms-thumb\" ><div class=\"ms-tab-context\"><div class=\"&quot;ms-tab-context&quot;\"><\/div><\/div>\n<\/div>\n\t\t\t\t<\/div>\n\t\t\t\t<div  class=\"ms-slide\" data-delay=\"3\" data-fill-mode=\"fit\"  >\n\t\t\t\t\t<img decoding=\"async\" src=\"https:\/\/www.marandoparrucchieri.it\/dev\/wp-content\/plugins\/master-slider\/public\/assets\/css\/blank.gif\" alt=\"\" title=\"\" data-src=\"https:\/\/www.marandoparrucchieri.it\/dev\/wp-content\/uploads\/2019\/11\/IMG_7728-e1573065343151.jpg\" \/>\n\n\n\t<div class=\"ms-thumb\" ><div class=\"ms-tab-context\"><div class=\"&quot;ms-tab-context&quot;\"><\/div><\/div>\n<\/div>\n\t\t\t\t<\/div>\n\n\t\t\t<\/div>\n\t\t\t<!-- END MasterSlider Main -->\n\n\t\t\t \n\t\t<\/div>\n\t\t<!-- END MasterSlider -->\n\n\t\t<script>\n\t\t(function ( $ ) {\n\t\t\t\"use strict\";\n\n\t\t\t$(function () {\n\t\t\t\tvar masterslider_8e4f = new MasterSlider();\n\n\t\t\t\t\/\/ slider controls\n\t\t\t\tmasterslider_8e4f.control('arrows'     ,{ autohide:true, overVideo:true  });\t\t\t\tmasterslider_8e4f.control('bullets'    ,{ autohide:true, overVideo:true, dir:'h', align:'bottom' , margin:10  });\n\n\t\t\t\t\/\/ slider setup\n\t\t\t\tmasterslider_8e4f.setup(\"MS69dedd83a8e4f\", {\n\t\t\t\t\t\twidth           : 1920,\n\t\t\t\t\t\theight          : 500,\n\t\t\t\t\t\tminHeight       : 0,\n\t\t\t\t\t\tspace           : 0,\n\t\t\t\t\t\tstart           : 1,\n\t\t\t\t\t\tgrabCursor      : true,\n\t\t\t\t\t\tswipe           : true,\n\t\t\t\t\t\tmouse           : true,\n\t\t\t\t\t\tlayout          : \"boxed\",\n\t\t\t\t\t\twheel           : false,\n\t\t\t\t\t\tautoplay        : true,\n\t\t\t\t\t\tinstantStartLayers:false,\n\t\t\t\t\t\tloop            : true,\n\t\t\t\t\t\tshuffle         : false,\n\t\t\t\t\t\tpreload         : 3,\n\t\t\t\t\t\theightLimit     : true,\n\t\t\t\t\t\tautoHeight      : true,\n\t\t\t\t\t\tsmoothHeight    : true,\n\t\t\t\t\t\tendPause        : false,\n\t\t\t\t\t\toverPause       : true,\n\t\t\t\t\t\tfillMode        : \"fill\",\n\t\t\t\t\t\tcenterControls  : true,\n\t\t\t\t\t\tstartOnAppear   : false,\n\t\t\t\t\t\tlayersMode      : \"center\",\n\t\t\t\t\t\thideLayers      : false,\n\t\t\t\t\t\tfullscreenMargin: 0,\n\t\t\t\t\t\tspeed           : 8,\n\t\t\t\t\t\tdir             : \"h\",\n\t\t\t\t\t\tparallaxMode    : 'swipe',\n\t\t\t\t\t\tview            : \"basic\"\n\t\t\t\t});\n\n\t\t\t\t\n\t\t\t\twindow.masterslider_instances = window.masterslider_instances || [];\n\t\t\t\twindow.masterslider_instances.push( masterslider_8e4f );\n\t\t\t });\n\n\t\t})(jQuery);\n\t\t<\/script>\n\n<\/p>\n","protected":false},"excerpt":{"rendered":"<p>Da oltre vent\u2019anni di esperienza nel campo dell\u2019acconciatura, Marando Parrucchieri apre il suo primo salone nel 2005 a Milano in piazza Oberdan 3, a due passi dalla fermata della metropolitana [&hellip;]<\/p>\n","protected":false},"author":2,"featured_media":2280,"parent":0,"menu_order":0,"comment_status":"closed","ping_status":"closed","template":"","meta":{"footnotes":""},"yoast_head":"<!-- This site is optimized with the Yoast SEO plugin v22.4 - https:\/\/yoast.com\/wordpress\/plugins\/seo\/ -->\r\n<title>SALONE - Centro Degrad\u00e8 Joelle Marando Parrucchieri<\/title>\r\n<meta name=\"description\" content=\"parrucchiere in Piazza Oberdan 3 (Porta Venezia), Marando Parrucchieri \u00e8 specializzato nella colorazione dei capelli in particolare del degrad\u00e8 joelle\" \/>\r\n<meta name=\"robots\" content=\"index, follow, max-snippet:-1, max-image-preview:large, max-video-preview:-1\" \/>\r\n<link rel=\"canonical\" href=\"https:\/\/www.marandoparrucchieri.it\/dev\/salone-2\/\" \/>\r\n<meta property=\"og:locale\" content=\"it_IT\" \/>\r\n<meta property=\"og:type\" content=\"article\" \/>\r\n<meta property=\"og:title\" content=\"SALONE - Centro Degrad\u00e8 Joelle Marando Parrucchieri\" \/>\r\n<meta property=\"og:description\" content=\"parrucchiere in Piazza Oberdan 3 (Porta Venezia), Marando Parrucchieri \u00e8 specializzato nella colorazione dei capelli in particolare del degrad\u00e8 joelle\" \/>\r\n<meta property=\"og:url\" content=\"https:\/\/www.marandoparrucchieri.it\/dev\/salone-2\/\" \/>\r\n<meta property=\"og:site_name\" content=\"Centro Degrad\u00e8 Joelle Marando Parrucchieri\" \/>\r\n<meta property=\"article:publisher\" content=\"https:\/\/m.facebook.com\/marandoparrucchieri\/?ref=bookmarks\" \/>\r\n<meta property=\"article:modified_time\" content=\"2019-11-24T17:55:49+00:00\" \/>\r\n<meta property=\"og:image\" content=\"https:\/\/www.marandoparrucchieri.it\/dev\/wp-content\/uploads\/2019\/11\/salone.jpg\" \/>\r\n\t<meta property=\"og:image:width\" content=\"960\" \/>\r\n\t<meta property=\"og:image:height\" content=\"960\" \/>\r\n\t<meta property=\"og:image:type\" content=\"image\/jpeg\" \/>\r\n<meta name=\"twitter:card\" content=\"summary_large_image\" \/>\r\n<meta name=\"twitter:site\" content=\"@infomarando\" \/>\r\n<script type=\"application\/ld+json\" class=\"yoast-schema-graph\">{\"@context\":\"https:\/\/schema.org\",\"@graph\":[{\"@type\":\"WebPage\",\"@id\":\"https:\/\/www.marandoparrucchieri.it\/dev\/salone-2\/\",\"url\":\"https:\/\/www.marandoparrucchieri.it\/dev\/salone-2\/\",\"name\":\"SALONE - Centro Degrad\u00e8 Joelle Marando Parrucchieri\",\"isPartOf\":{\"@id\":\"https:\/\/www.marandoparrucchieri.it\/dev\/#website\"},\"primaryImageOfPage\":{\"@id\":\"https:\/\/www.marandoparrucchieri.it\/dev\/salone-2\/#primaryimage\"},\"image\":{\"@id\":\"https:\/\/www.marandoparrucchieri.it\/dev\/salone-2\/#primaryimage\"},\"thumbnailUrl\":\"https:\/\/www.marandoparrucchieri.it\/dev\/wp-content\/uploads\/2019\/11\/salone.jpg\",\"datePublished\":\"2016-07-29T08:46:52+00:00\",\"dateModified\":\"2019-11-24T17:55:49+00:00\",\"description\":\"parrucchiere in Piazza Oberdan 3 (Porta Venezia), Marando Parrucchieri \u00e8 specializzato nella colorazione dei capelli in particolare del degrad\u00e8 joelle\",\"breadcrumb\":{\"@id\":\"https:\/\/www.marandoparrucchieri.it\/dev\/salone-2\/#breadcrumb\"},\"inLanguage\":\"it-IT\",\"potentialAction\":[{\"@type\":\"ReadAction\",\"target\":[\"https:\/\/www.marandoparrucchieri.it\/dev\/salone-2\/\"]}]},{\"@type\":\"ImageObject\",\"inLanguage\":\"it-IT\",\"@id\":\"https:\/\/www.marandoparrucchieri.it\/dev\/salone-2\/#primaryimage\",\"url\":\"https:\/\/www.marandoparrucchieri.it\/dev\/wp-content\/uploads\/2019\/11\/salone.jpg\",\"contentUrl\":\"https:\/\/www.marandoparrucchieri.it\/dev\/wp-content\/uploads\/2019\/11\/salone.jpg\",\"width\":960,\"height\":960,\"caption\":\"Marando Parrucchieri Tendenze, capelli, tendenze capelli, tendenze capelli autunno, tendenze capelli inverno, tendenze capelli autunno inverno, tendenze capelli autunno inverno 2019, piega, wavy, riccio, capelli mossi, capelli ricci, capelli lunghi, capelli corti, bob, taglio bob, rosso, biondo, castano, ramato, mogano, ametista, ciliegia, Red Velvet, Dusty Copper, rusted copper, pumpkin, Strawberry Blonde, margot robbie, marshmallow hair, margot robbie marshmallow hair, sophie turner, bright blonde, sophie turner bright blonde, bella hadid, desert blonde, bella hadid desert blonde\"},{\"@type\":\"BreadcrumbList\",\"@id\":\"https:\/\/www.marandoparrucchieri.it\/dev\/salone-2\/#breadcrumb\",\"itemListElement\":[{\"@type\":\"ListItem\",\"position\":1,\"name\":\"Home &gt; parrucchiere &gt; degrad\u00e8 joelle &gt; parrucchiere &gt; capelli &gt; hair &gt; marando parrucchieri\",\"item\":\"https:\/\/www.marandoparrucchieri.it\/dev\/\"},{\"@type\":\"ListItem\",\"position\":2,\"name\":\"SALONE\"}]},{\"@type\":\"WebSite\",\"@id\":\"https:\/\/www.marandoparrucchieri.it\/dev\/#website\",\"url\":\"https:\/\/www.marandoparrucchieri.it\/dev\/\",\"name\":\"marandoparrucchieri.it\/dev\/\",\"description\":\"Specialisti del colore, in particolare della tecnica del Degrad\u00e8\",\"publisher\":{\"@id\":\"https:\/\/www.marandoparrucchieri.it\/dev\/#organization\"},\"potentialAction\":[{\"@type\":\"SearchAction\",\"target\":{\"@type\":\"EntryPoint\",\"urlTemplate\":\"https:\/\/www.marandoparrucchieri.it\/dev\/?s={search_term_string}\"},\"query-input\":\"required name=search_term_string\"}],\"inLanguage\":\"it-IT\"},{\"@type\":\"Organization\",\"@id\":\"https:\/\/www.marandoparrucchieri.it\/dev\/#organization\",\"name\":\"MARANDO PARRUCCHIERI\",\"url\":\"https:\/\/www.marandoparrucchieri.it\/dev\/\",\"logo\":{\"@type\":\"ImageObject\",\"inLanguage\":\"it-IT\",\"@id\":\"https:\/\/www.marandoparrucchieri.it\/dev\/#\/schema\/logo\/image\/\",\"url\":\"https:\/\/www.marandoparrucchieri.it\/dev\/wp-content\/uploads\/2019\/11\/logo-marando.png\",\"contentUrl\":\"https:\/\/www.marandoparrucchieri.it\/dev\/wp-content\/uploads\/2019\/11\/logo-marando.png\",\"width\":591,\"height\":236,\"caption\":\"MARANDO PARRUCCHIERI\"},\"image\":{\"@id\":\"https:\/\/www.marandoparrucchieri.it\/dev\/#\/schema\/logo\/image\/\"},\"sameAs\":[\"https:\/\/m.facebook.com\/marandoparrucchieri\/?ref=bookmarks\",\"https:\/\/twitter.com\/infomarando\",\"https:\/\/www.instagram.com\/marando_parrucchieri\/?hl=it\",\"https:\/\/www.pinterest.it\/fracioplucip\/\"]}]}<\/script>\r\n<!-- \/ Yoast SEO plugin. -->","yoast_head_json":{"title":"SALONE - Centro Degrad\u00e8 Joelle Marando Parrucchieri","description":"parrucchiere in Piazza Oberdan 3 (Porta Venezia), Marando Parrucchieri \u00e8 specializzato nella colorazione dei capelli in particolare del degrad\u00e8 joelle","robots":{"index":"index","follow":"follow","max-snippet":"max-snippet:-1","max-image-preview":"max-image-preview:large","max-video-preview":"max-video-preview:-1"},"canonical":"https:\/\/www.marandoparrucchieri.it\/dev\/salone-2\/","og_locale":"it_IT","og_type":"article","og_title":"SALONE - Centro Degrad\u00e8 Joelle Marando Parrucchieri","og_description":"parrucchiere in Piazza Oberdan 3 (Porta Venezia), Marando Parrucchieri \u00e8 specializzato nella colorazione dei capelli in particolare del degrad\u00e8 joelle","og_url":"https:\/\/www.marandoparrucchieri.it\/dev\/salone-2\/","og_site_name":"Centro Degrad\u00e8 Joelle Marando Parrucchieri","article_publisher":"https:\/\/m.facebook.com\/marandoparrucchieri\/?ref=bookmarks","article_modified_time":"2019-11-24T17:55:49+00:00","og_image":[{"width":960,"height":960,"url":"https:\/\/www.marandoparrucchieri.it\/dev\/wp-content\/uploads\/2019\/11\/salone.jpg","type":"image\/jpeg"}],"twitter_card":"summary_large_image","twitter_site":"@infomarando","schema":{"@context":"https:\/\/schema.org","@graph":[{"@type":"WebPage","@id":"https:\/\/www.marandoparrucchieri.it\/dev\/salone-2\/","url":"https:\/\/www.marandoparrucchieri.it\/dev\/salone-2\/","name":"SALONE - Centro Degrad\u00e8 Joelle Marando Parrucchieri","isPartOf":{"@id":"https:\/\/www.marandoparrucchieri.it\/dev\/#website"},"primaryImageOfPage":{"@id":"https:\/\/www.marandoparrucchieri.it\/dev\/salone-2\/#primaryimage"},"image":{"@id":"https:\/\/www.marandoparrucchieri.it\/dev\/salone-2\/#primaryimage"},"thumbnailUrl":"https:\/\/www.marandoparrucchieri.it\/dev\/wp-content\/uploads\/2019\/11\/salone.jpg","datePublished":"2016-07-29T08:46:52+00:00","dateModified":"2019-11-24T17:55:49+00:00","description":"parrucchiere in Piazza Oberdan 3 (Porta Venezia), Marando Parrucchieri \u00e8 specializzato nella colorazione dei capelli in particolare del degrad\u00e8 joelle","breadcrumb":{"@id":"https:\/\/www.marandoparrucchieri.it\/dev\/salone-2\/#breadcrumb"},"inLanguage":"it-IT","potentialAction":[{"@type":"ReadAction","target":["https:\/\/www.marandoparrucchieri.it\/dev\/salone-2\/"]}]},{"@type":"ImageObject","inLanguage":"it-IT","@id":"https:\/\/www.marandoparrucchieri.it\/dev\/salone-2\/#primaryimage","url":"https:\/\/www.marandoparrucchieri.it\/dev\/wp-content\/uploads\/2019\/11\/salone.jpg","contentUrl":"https:\/\/www.marandoparrucchieri.it\/dev\/wp-content\/uploads\/2019\/11\/salone.jpg","width":960,"height":960,"caption":"Marando Parrucchieri Tendenze, capelli, tendenze capelli, tendenze capelli autunno, tendenze capelli inverno, tendenze capelli autunno inverno, tendenze capelli autunno inverno 2019, piega, wavy, riccio, capelli mossi, capelli ricci, capelli lunghi, capelli corti, bob, taglio bob, rosso, biondo, castano, ramato, mogano, ametista, ciliegia, Red Velvet, Dusty Copper, rusted copper, pumpkin, Strawberry Blonde, margot robbie, marshmallow hair, margot robbie marshmallow hair, sophie turner, bright blonde, sophie turner bright blonde, bella hadid, desert blonde, bella hadid desert blonde"},{"@type":"BreadcrumbList","@id":"https:\/\/www.marandoparrucchieri.it\/dev\/salone-2\/#breadcrumb","itemListElement":[{"@type":"ListItem","position":1,"name":"Home &gt; parrucchiere &gt; degrad\u00e8 joelle &gt; parrucchiere &gt; capelli &gt; hair &gt; marando parrucchieri","item":"https:\/\/www.marandoparrucchieri.it\/dev\/"},{"@type":"ListItem","position":2,"name":"SALONE"}]},{"@type":"WebSite","@id":"https:\/\/www.marandoparrucchieri.it\/dev\/#website","url":"https:\/\/www.marandoparrucchieri.it\/dev\/","name":"marandoparrucchieri.it\/dev\/","description":"Specialisti del colore, in particolare della tecnica del Degrad\u00e8","publisher":{"@id":"https:\/\/www.marandoparrucchieri.it\/dev\/#organization"},"potentialAction":[{"@type":"SearchAction","target":{"@type":"EntryPoint","urlTemplate":"https:\/\/www.marandoparrucchieri.it\/dev\/?s={search_term_string}"},"query-input":"required name=search_term_string"}],"inLanguage":"it-IT"},{"@type":"Organization","@id":"https:\/\/www.marandoparrucchieri.it\/dev\/#organization","name":"MARANDO PARRUCCHIERI","url":"https:\/\/www.marandoparrucchieri.it\/dev\/","logo":{"@type":"ImageObject","inLanguage":"it-IT","@id":"https:\/\/www.marandoparrucchieri.it\/dev\/#\/schema\/logo\/image\/","url":"https:\/\/www.marandoparrucchieri.it\/dev\/wp-content\/uploads\/2019\/11\/logo-marando.png","contentUrl":"https:\/\/www.marandoparrucchieri.it\/dev\/wp-content\/uploads\/2019\/11\/logo-marando.png","width":591,"height":236,"caption":"MARANDO PARRUCCHIERI"},"image":{"@id":"https:\/\/www.marandoparrucchieri.it\/dev\/#\/schema\/logo\/image\/"},"sameAs":["https:\/\/m.facebook.com\/marandoparrucchieri\/?ref=bookmarks","https:\/\/twitter.com\/infomarando","https:\/\/www.instagram.com\/marando_parrucchieri\/?hl=it","https:\/\/www.pinterest.it\/fracioplucip\/"]}]}},"_links":{"self":[{"href":"https:\/\/www.marandoparrucchieri.it\/dev\/wp-json\/wp\/v2\/pages\/700"}],"collection":[{"href":"https:\/\/www.marandoparrucchieri.it\/dev\/wp-json\/wp\/v2\/pages"}],"about":[{"href":"https:\/\/www.marandoparrucchieri.it\/dev\/wp-json\/wp\/v2\/types\/page"}],"author":[{"embeddable":true,"href":"https:\/\/www.marandoparrucchieri.it\/dev\/wp-json\/wp\/v2\/users\/2"}],"replies":[{"embeddable":true,"href":"https:\/\/www.marandoparrucchieri.it\/dev\/wp-json\/wp\/v2\/comments?post=700"}],"version-history":[{"count":18,"href":"https:\/\/www.marandoparrucchieri.it\/dev\/wp-json\/wp\/v2\/pages\/700\/revisions"}],"predecessor-version":[{"id":2343,"href":"https:\/\/www.marandoparrucchieri.it\/dev\/wp-json\/wp\/v2\/pages\/700\/revisions\/2343"}],"wp:featuredmedia":[{"embeddable":true,"href":"https:\/\/www.marandoparrucchieri.it\/dev\/wp-json\/wp\/v2\/media\/2280"}],"wp:attachment":[{"href":"https:\/\/www.marandoparrucchieri.it\/dev\/wp-json\/wp\/v2\/media?parent=700"}],"curies":[{"name":"wp","href":"https:\/\/api.w.org\/{rel}","templated":true}]}}